 k - 68 - 13 = -2*u, -4*k + 4*u = -300. Suppose 0 = -t + 5*t - 44. Calculate the highest common factor of k and t.
11
Suppose -4*a + 16 = 0, 0 = p + p + 5*a - 572. What is the greatest common divisor of 48 and p?
12
Let b(v) = v. Let g(y) = 7*y - 23. Let z(k) = -5*b(k) + g(k). Let r be z(18). What is the highest common factor of 65 and r?
13
Let b be 3 - 0 - (-20)/(-2). Let s(f) = f**2 + 7*f + 2. Let u be s(b). Let d = 7 + u. Calculate the greatest common factor of d and 9.
9
Let l(x) = x**3 - x**2 - 21*x - 6. Let h be l(-3). Calculate the highest common divisor of h and 133.
7
Suppose -21*k - 18 = -24*k. Calculate the greatest common factor of 72 and k.
6
Suppose -2*y = 3*z - 4*y + 385, -5*z - y - 633 = 0. Let x = -55 - z. Suppose -3*g - 2 = -26. Calculate the highest common factor of x and g.
8
Suppose -16*x = 5*b - 17*x - 665, -543 = -4*b + 3*x. What is the greatest common divisor of b and 594?
66
Let s(w) = 3*w**2 - 21*w + 15. Let k(o) = 2*o**2 - 10*o + 7. Let m(c) = -5*k(c) + 3*s(c). Let i be m(-13). Calculate the greatest common factor of 80 and i.
10
Let r be (-2 + -6)*1*-2. Suppose 0 = s + a - 56, -3*a = -s + 5*s - 221. Let z = s - 21. What is the highest common factor of z and r?
16
Suppose 0 = -2*c + 4*b + 58, 3*b + 11 = -4*c + 72. Suppose -c*h + 20*h - 26 = 0. Calculate the greatest common divisor of h and 130.
26
Suppose w - 18 = -f + 15, 0 = -5*w - 2*f + 162. Let b be 2*3/3*2. Calculate the highest common divisor of b and w.
4
Suppose s - 108 = 7*s. Let r = s + 45. Calculate the greatest common factor of r and 243.
27
Let d be ((-68)/(-8))/(138/(-36) + 4). What is the highest common factor of 884 and d?
17
Suppose -6*g + 3*g + 90 = 0. Let x be (4/8)/(3/g). What is the highest common factor of x and 75?
5
Suppose -7*t = -10*t + 612. What is the greatest common factor of t and 12?
12
Let n = -23 - -35. Let i = 21 - -39. What is the highest common factor of n and i?
12
Let m = 636 + -303. Suppose -3*y + 15 = 0, -3*g - 7*y + 3*y = -131. What is the highest common factor of g and m?
37
Suppose 9 = -32*d + 35*d. What is the highest common factor of 3 and d?
3
Suppose 0 = -17*t - 2*t + 665. What is the greatest common divisor of t and 28?
7
Suppose 3*g - 3*r - 78 = r, 5*r = 3*g - 75. Suppose -c + 38 = 2*u + 8, -c = -5*u + 75. What is the highest common divisor of g and u?
15
Let h = 15436 - 15430. Let u(c) be the first derivative of -13*c**2/2 + c + 1. Let k be u(-5). Calculate the greatest common factor of h and k.
6
Suppose 2*s - 3*q + 12 = 2*q, 0 = -2*q. Let y be (2 + 45/(-10))/(1/s). Calculate the highest common factor of y and 10.
5
Let t(u) = 745*u**2 + u. Let x be t(-1). What is the greatest common factor of x and 62?
62
Suppose -4*i - 7*c = -3*c - 12, -3*i + 3 = 5*c. Suppose -4*o + i*o = 5*h + 225, o - 129 = -3*h. Let n = 21 - 6. What is the greatest common divisor of o and n?
15
Suppose 0 = -40*a + 52 - 12. Suppose 0 = -z - 4*q + 3, 2*z - 5 = -3*q + 1. Calculate the greatest common factor of a and z.
1
Suppose 2*y - 5*k + 2*k = 27, 3*y = 5*k + 41. What is the highest common factor of y and 228?
12
Let g be (1 + 35)*(11 - -13). Suppose 6*c + 0*c - g = 0. Let y(u) = u**3 - 8*u**2 + 9*u + 4. Let p be y(7). Calculate the greatest common divisor of p and c.
18
Let p(o) = o**2 - 44*o - 80. Let v be p(46). Suppose 2*t + 0*t = 24. Let c be 2 - 2 - t*-2. What is the greatest common factor of v and c?
12
Suppose -3*q = 2*q - 1265. Let u(g) = -46*g + 3. Let f be u(-2). Suppose 4*h + 3*l = f, -4*l - 10 - 9 = -h. Calculate the greatest common divisor of q and h.
23
Let f(v) = -7*v - 16. Let o(t) = 2*t + 14. Let k be o(-10). Let m be f(k). Calculate the greatest common factor of 130 and m.
26
Let d(c) = -2*c**2 - 42*c + 43. Let o be d(-19). Calculate the highest common divisor of 34 and o.
17
Let h be ((-4)/(-8) + 7)*2. What is the greatest common divisor of h and 135?
15
Let g(m) = m**2 - 2*m**2 - m**3 + 3*m - 3*m**2. Let n be g(-5). Suppose 17*q - 23 = 11. What is the greatest common divisor of q and n?
2
Suppose -8 = 3*j + 55. Let y be (-32)/(-12)*(-2)/(4/j). Calculate the greatest common divisor of y and 42.
14
Let b = 45 + -31. Suppose b + 84 = 7*z. Calculate the highest common divisor of z and 35.
7
Let a(f) = 13*f**2 - 27*f**3 - 13 + 26*f**3 + 2*f**2 - 12*f. Let k be a(14). What is the greatest common factor of k and 45?
15
Suppose 3 = 2*c - 5*c, -3*x + 97 = -c. Suppose 87*o + 2560 = 107*o. What is the greatest common factor of x and o?
32
Let o(k) = -3*k + 53. Let y be o(7). What is the greatest common factor of 512 and y?
32
Let d be 6/9 + (-1335)/(-9) + -6. Let v be (2 + (-22)/6)*15. Let i = -12 - v. What is the highest common factor of d and i?
13
Suppose -67*b + 70*b - 105 = 0. Calculate the highest common divisor of b and 56.
7
Suppose 10*d - 145 = 505. Calculate the highest common factor of 39 and d.
13
Let a(d) = -11 + d**2 - 12 + 27. Let y be a(-5). What is the greatest common factor of 203 and y?
29
Suppose -p = t - 6, 5*p = t - 2 + 32. Let f = 5 + 6. Let q be 21/5 - f/55. What is the highest common factor of q and p?
2
Let f = 533 - 357. Calculate the highest common factor of 396 and f.
44
Let q(y) = 10*y - 101. Let u be q(11). What is the greatest common factor of u and 3?
3
Let u(s) be the first derivative of 61*s**3/3 + 3*s**2/2 - 2*s + 4. Let w be u(2). What is the greatest common divisor of 31 and w?
31
Suppose -l = -w - 13, l + 2*l - 15 = -5*w. Suppose -5*i = -y + 32 + 36, -136 = -2*y + 5*i. Let s = y - 48. Calculate the highest common divisor of l and s.
10
Let o = -13 - -16. Let i be 3972/36 - 1/o. What is the highest common divisor of i and 10?
10
Let w be (-2)/3 + (-1884)/9. Let u be (w/49)/(3/(-21)). Calculate the highest common factor of u and 20.
10
Let w be (-92)/22 + (-12)/(-66). Let c be 7 - w*(-2)/4. What is the highest common divisor of 45 and c?
5
Let z = 5 + -2. Suppose -8*p + 775 = 159. Suppose z*c - 4*c + p = 0. Calculate the greatest common factor of 7 and c.
7
Let a be -9*(-28)/24*2. Let z = -13 - -27. Calculate the highest common factor of a and z.
7
Let p = -255 + 263. What is the greatest common factor of p and 4?
4
Let w be 4 + (-6)/(2 - -1). Let b(j) = 5*j**2 - 6*j**2 + 4 + w*j + j. Let y be b(3). What is the highest common factor of 1 and y?
1
Let v = 13 + -11. Let r(j) = -3*j**2 - 6*j**3 + 6*j**3 - v - 2*j - j**3. Let u be r(-4). What is the highest common factor of 242 and u?
22
Let m(g) = -132*g**2 + 1. Let h be m(1). Let p = h + 147. Calculate the highest common factor of 2 and p.
2
Let y be (20/(-5))/(-1) - (2 + -5). Calculate the highest common divisor of 91 and y.
7
Let l = 6 - -1. Let o = 36 + l. What is the highest common factor of 172 and o?
43
Let r(l) = l**2 - 13*l. Let d be r(13). Suppose d = -2*n - 5 + 15. Let o = 113 - 73. Calculate the greatest common factor of o and n.
5
Let x(k) = -k**2 - 16*k + 8. Let a be x(-16). Let q be 648/a + (-2)/2. Calculate the greatest common divisor of 32 and q.
16
Suppose -7*k + 110 = 26. Suppose 0 = -m + 4*m + k. Let o be -4 + 1/(m/(-84)). What is the highest common divisor of 68 and o?
17
Let n(q) = 49*q**2 - q + 2. Let o be n(-2). Let s = -67 + 92. What is the greatest common divisor of o and s?
25
Suppose 0 = -s - 3*g - 8, -74 = 5*s + 3*g - 5*g. Let f = s + 17. Calculate the highest common factor of f and 3.
3
Let t(k) = -3*k + 138. Let a be t(6). Calculate the highest common factor of 330 and a.
30
Suppose -2*f + 123 - 9 = 0. Calculate the highest common factor of 38 and f.
19
Let j(f) = -28*f**3 - 5*f**2 - f + 1. Let n be j(-1). What is the highest common factor of 1150 and n?
25
Suppose 229*d = 217*d + 312. What is the greatest common divisor of d and 416?
26
Suppose 5*r - 109 = -3*n - 14, -5 = -5*r. Suppose -u + 0 = -2. Let g be (60/(-36))/(u/(-12)). What is the greatest common divisor of g and n?
10
Suppose o = 86 + 73. Suppose o = 6*j - 39. Calculate the greatest common factor of 11 and j.
11
Let l = 40 + 44. Let h(q) = -q**2 - 4*q - 1. Let u be h(-3). Suppose u*i - 108 = l. What is the highest common factor of i and 12?
12
Let q = -219 - -403. What is the highest common divisor of 8 and q?
8
Let i(h) be the first derivative of -11*h**2/2 - 4*h - 1. Suppose 3*p = 4*p + 6. Let m be i(p). Calculate the highest common divisor of m and 93